 is divided by 90.
89
What is the remainder when 1963 is divided by 408?
331
Calculate the remainder when 299767 is divided by 106.
105
Calculate the remainder when 8114 is divided by 22.
18
Calculate the remainder when 2007 is divided by 339.
312
Calculate the remainder when 897 is divided by 835.
62
What is the remainder when 381 is divided by 71?
26
What is the remainder when 13697 is divided by 1883?
516
Calculate the remainder when 7672 is divided by 172.
104
What is the remainder when 12241 is divided by 370?
31
Calculate the remainder when 67452 is divided by 308.
0
What is the remainder when 36432 is divided by 84?
60
Calculate the remainder when 4444 is divided by 261.
7
Calculate the remainder when 843 is divided by 112.
59
Calculate the remainder when 114756 is divided by 172.
32
Calculate the remainder when 4086 is divided by 105.
96
What is the remainder when 45247 is divided by 15075?
22
Calculate the remainder when 72168 is divided by 1443.
18
What is the remainder when 95909 is divided by 345?
344
Calculate the remainder when 4341247 is divided by 46.
43
What is the remainder when 5190 is divided by 106?
102
Calculate the remainder when 1411 is divided by 146.
97
What is the remainder when 507704 is divided by 2217?
11
What is the remainder when 1457 is divided by 20?
17
Calculate the remainder when 4537 is divided by 916.
873
Calculate the remainder when 113865 is divided by 37941.
42
Calculate the remainder when 67254 is divided by 358.
308
Calculate the remainder when 479 is divided by 18.
11
Calculate the remainder when 59477 is divided by 9.
5
Calculate the remainder when 4352 is divided by 136.
0
Calculate the remainder when 15744 is divided by 46.
12
Calculate the remainder when 1119 is divided by 158.
13
What is the remainder when 4137798 is divided by 340?
338
Calculate the remainder when 16546 is divided by 1810.
256
What is the remainder when 29387 is divided by 2938?
7
Calculate the remainder when 31184 is divided by 367.
356
Calculate the remainder when 6783 is divided by 967.
14
Calculate the remainder when 2127 is divided by 26.
21
What is the remainder when 6064 is divided by 253?
245
Calculate the remainder when 2795 is divided by 231.
23
Calculate the remainder when 2570 is divided by 122.
8
What is the remainder when 20903 is divided by 282?
35
What is the remainder when 242700 is divided by 226?
202
Calculate the remainder when 73523 is divided by 145.
8
What is the remainder when 28058 is divided by 46?
44
What is the remainder when 265713 is divided by 121?
118
Calculate the remainder when 372350 is divided by 53185.
55
Calculate the remainder when 1168 is divided by 1103.
65
What is the remainder when 17502 is divided by 373?
344
Calculate the remainder when 3810 is divided by 7.
2
Calculate the remainder when 1379685 is divided by 374.
373
Calculate the remainder when 72849 is divided by 156.
153
Calculate the remainder when 444924 is divided by 269.
267
Calculate the remainder when 46333 is divided by 32.
29
Calculate the remainder when 19157 is divided by 470.
357
Calculate the remainder when 5262 is divided by 2629.
4
Calculate the remainder when 140833 is divided by 294.
7
Calculate the remainder when 1069456 is divided by 993.
988
What is the remainder when 2317 is divided by 97?
86
Calculate the remainder when 1695 is divided by 837.
21
What is the remainder when 3905 is divided by 555?
20
Calculate the remainder when 360 is divided by 246.
114
What is the remainder when 305403 is divided by 423?
420
What is the remainder when 82332 is divided by 16463?
17
Calculate the remainder when 1465 is divided by 121.
13
Calculate the remainder when 25986 is divided by 66.
48
What is the remainder when 10105 is divided by 2981?
1162
Calculate the remainder when 97008 is divided by 19.
13
What is the remainder when 3903601 is divided by 73?
72
Calculate the remainder when 3167 is divided by 450.
17
Calculate the remainder when 289354 is divided by 23.
14
What is the remainder when 728701 is divided by 591?
589
Calculate the remainder when 12004 is divided by 1994.
40
Calculate the remainder when 174320 is divided by 87159.
2
What is the remainder when 1175 is divided by 227?
40
Calculate the remainder when 244820 is divided by 38.
24
Calculate the remainder when 70816 is divided by 1180.
16
What is the remainder when 1205970 is divided by 872?
866
Calculate the remainder when 1965364 is divided by 1362.
1360
Calculate the remainder when 56746 is divided by 7078.
122
Calculate the remainder when 7551 is divided by 72.
63
What is the remainder when 29731 is divided by 1292?
15
What is the remainder when 6170 is divided by 617?
0
Calculate the remainder when 97556 is divided by 3145.
61
What is the remainder when 35679 is divided by 17838?
3
Calculate the remainder when 22557 is divided by 228.
213
Calculate the remainder when 6629 is divided by 265.
4
Calculate the remainder when 23204 is divided by 21.
20
Calculate the remainder when 12142 is divided by 33.
31
What is the remainder when 9469 is divided by 4730?
9
What is the remainder when 316 is divided by 28?
8
Calculate the remainder when 4272838 is divided by 390.
388
What is the remainder when 5281 is divided by 1834?
1613
What is the remainder when 13642 is divided by 818?
554
What is the remainder when 3833 is divided by 133?
109
Calculate the remainder when 16413 is divided by 79.
60
Calculate the remainder when 4813 is divided by 55.
28
What is the remainder when 43076 is divided by 365?
6
What is the remainder when 12822 is divided by 57?
54
What is the remainder when 4164 is divided by 2735?
1429
Calculate the remainder when 1414 is divided by 164.
102
What is the remainder when 53699 is divided by 186?
131
What is the remainder when 77968 is divided by 25957?
97
Calculate the remainder when 6846 is divided by 697.
573
Calculate the remainder when 2684934 is divided by 652.
650
Calculate the remainder when 114251 is divided by 13.
7
Calculate the remainder when 22272 is divided by 303.
153
Calculate the remainder when 1885 is divided by 9.
4
Calculate the remainder when 129183 is divided by 18.
15
What is the remainder when 140434 is divided by 94?
92
What is the remainder when 8478 is divided by 1051?
70
What is the remainder when 2144 is divided by 640?
224
Calculate the remainder when 10555 is divided by 26.
25
Calculate the remainder when 45234 is divided by 15076.
6
Calculate the remainder when 349 is divided by 180.
169
Calculate the remainder when 6178 is divided by 60.
58
Calculate the remainder when 537695 is divided by 517.
15
What is the remainder when 103311 is divided by 22?
21
What is the remainder when 74724 is divided by 30?
24
What is the remainder when 4242 is divided by 473?
458
What is the remainder when 12307 is divided by 31?
0
What is the remainder when 10125 is divided by 61?
60
What is the remainder when 7276 is divided by 1206?
40
What is the remainder when 11728 is divided by 261?
244
What is the remainder when 13579 is divided by 1351?
69
What is the remainder when 145363 is divided by 11?
9
Calculate the remainder when 73206 is divided by 189.
63
Calculate the remainder when 14707 is divided by 184.
171
Calculate the remainder when 1848 is divided by 181.
38
What is the remainder when 13984 is divided by 1997?
5
What is the remainder when 87108 is divided by 142?
62
What is the remainder when 3991 is divided by 124?
23
Calculate the remainder when 32768 is divided by 34.
26
Calculate the remainder when 124349 is divided by 11.
5
What is the remainder when 1198 is divided by 147?
22
What is the remainder when 148 is divided by 72?
4
What is the remainder when 534818 is divided by 442?
440
What is the remainder when 14020 is divided by 14?
6
What is the remainder when 416018 is divided by 138670?
8
Calculate the remainder when 25343 is divided by 2525.
93
Calculate the remainder when 391 is divided by 270.
121
What is the remainder when 47497 is divided by 546?
541
What is the remainder when 6487 is divided by 3228?
31
What is the remainder when 13235 is divided by 13167?
68
Calculate the remainder when 229666 is divided by 17.
13
What is the remainder when 31501 is divided by 180?
1
Calculate the remainder when 13883